6
Let m(b) = -b**3 - 8*b**2 - 9*b - 11. Calculate m(-5).
-41
Let l(p) = 2*p**3 + 7*p**2 - 7*p + 24. Give l(-5).
-16
Let g(x) = -2*x**2 + 18*x + 47. Calculate g(11).
3
Let i(t) = -t**2 - 17*t + 250. Give i(-26).
16
Let d(o) = -o**2 + 49*o - 174. Determine d(45).
6
Let p(s) = -s + 10. Calculate p(9).
1
Let v(g) = -43*g + 161. Determine v(4).
-11
Let f(b) = 16*b**2 + b + 3. Calculate f(-2).
65
Let t(n) = 42*n + 1. Determine t(1).
43
Let v(o) = -o**2 - o + 2. Calculate v(2).
-4
Let n(h) = 3*h**3 - h**2 - h + 1. What is n(1)?
2
Let n(d) = -4*d + 32. Calculate n(-9).
68
Let d(a) = -a**3 - 7*a**2 + 5*a - 5. Calculate d(-8).
19
Let c(g) = 2*g - 25. Give c(2).
-21
Let j(z) = 2*z - 71. Determine j(10).
-51
Let j(z) = z**3 + 5*z**2 - 10*z - 14. Determine j(-6).
10
Let c(q) = q**3 + 16*q**2 - 84*q - 67. Determine c(-20).
13
Let i(s) = s**2 + 11*s + 31. Give i(-9).
13
Let o(b) = 2*b**2 + 2*b - 2. Calculate o(-2).
2
Let z(s) = -s**2. What is z(2)?
-4
Let n(m) = -m - 14. What is n(-10)?
-4
Let k(g) = -27*g + 152. Calculate k(6).
-10
Let w(q) = -q**3 + 13*q**2 - 15*q + 16. Give w(12).
-20
Let w(s) = -s + 11. Calculate w(12).
-1
Let g(t) = -t**3 + 16*t**2 - 16*t + 22. Give g(15).
7
Let v(o) = -o - 4. What is v(1)?
-5
Let d(n) = 2*n**2 + 6*n + 11. Calculate d(-6).
47
Let x(c) = 14*c - 90. Give x(7).
8
Let n(p) = 10*p - 2. Give n(1).
8
Let k(h) = h**3 + 6*h**2 - h + 2. What is k(-8)?
-118
Let u(p) = 6*p**2 - 1. What is u(-1)?
5
Let f(l) = 4*l + 6. Give f(-2).
-2
Let a(g) = -g**2 + 12*g - 5. Calculate a(10).
15
Let g(k) = k**3 + 5*k**2 - 2*k + 6. Calculate g(-5).
16
Let a(u) = u - 10. Give a(2).
-8
Let f(z) = z. Calculate f(14).
14
Let p(z) = z**3 - 6*z**2 + 6*z + 6. Calculate p(6).
42
Let f(c) = 39*c + 3. Determine f(-2).
-75
Let j(u) = -5*u. What is j(-6)?
30
Let k(p) = p**3 - 14*p**2 + 14*p - 2. Give k(13).
11
Let k(b) = -b**3 + 14*b**2 - 9*b - 57. Calculate k(13).
-5
Let j(a) = -a**3 + 10*a**2 + 13*a - 17. Give j(11).
5
Let u(i) = -7*i**2 + 595*i - 2. Calculate u(85).
-2
Let y(m) = m**3 + 14*m**2 - 31*m + 24. Calculate y(-16).
8
Let u(f) = -f**3 - 24*f**2 - 43*f + 18. Give u(-22).
-4
Let z(x) = -x**3 - 7*x**2 + x - 19. What is z(-8)?
37
Let r(m) = m**3 - 9*m**2 + 2*m - 20. What is r(9)?
-2
Let r(c) = -34*c**2 - 2*c + 2. Calculate r(-2).
-130
Let y(b) = b**2 + 14*b + 11. Determine y(-13).
-2
Let j(b) = 20*b**3 - b**2. Determine j(-1).
-21
Let y(l) = -11*l**3 + 1. Determine y(-1).
12
Let w(b) = b**3 - 16*b**2 + 12*b + 14. What is w(15)?
-31
Let n(p) = 9*p - 199. Determine n(21).
-10
Let d(g) = -2*g - 18. Give d(-11).
4
Let r(h) = -h**2 - 195*h + 194. Determine r(1).
-2
Let t(f) = -f**3 + 3*f**2 - 3*f - 5. What is t(4)?
-33
Let q(h) = -h**3 + 2*h**2 + h + 5. Calculate q(3).
-1
Let z(b) = -b + 60. Determine z(11).
49
Let i(g) = -5*g**2 - 2*g - 1. Give i(-2).
-17
Let w(f) = -18*f**2 - 10*f + 1. Give w(-2).
-51
Let z(h) = -h**3 + 2*h**2 + 4*h - 3. What is z(3)?
0
Let j(t) = t**3 + 13*t**2 + 12*t - 15. Give j(-12).
-15
Let l(q) = q**3 - 39*q**2 - 39*q - 43. Calculate l(40).
-3
Let o(d) = 97*d + 288. What is o(-3)?
-3
Let r(h) = -h**3 + 7*h**2 - 2*h - 6. Calculate r(6).
18
Let r(a) = 3*a**2 - 7*a - 16. Give r(-2).
10
Let x(v) = 18*v**2 - v. Calculate x(-1).
19
Let i(d) = 5*d - 44. Give i(8).
-4
Let i(h) = h**3 + 9*h**2 - 7*h + 16. What is i(-10)?
-14
Let v(o) = -3*o - 20. What is v(-5)?
-5
Let n(b) = 6*b + 15. Determine n(-3).
-3
Let a(v) = -v**2 + 4*v - 5. Determine a(4).
-5
Let s(u) = 3*u + 3. Give s(-5).
-12
Let h(w) = -3*w**2 - 34*w - 5. What is h(-11)?
6
Let y(j) = 37*j**3 + 2*j**2 - j. Give y(1).
38
Let l(f) = -f**3 + f**2 + 10*f + 53. What is l(5)?
3
Let v(k) = 2*k**3 - 31*k**2 + 17*k - 36. Give v(15).
-6
Let m(s) = 7*s - 33. Calculate m(7).
16
Let v(b) = 4*b - 45. Calculate v(9).
-9
Let d(q) = -q**2 - 13*q - 11. Determine d(-11).
11
Let s(c) = -c**3 + 25*c**2 + 27*c + 21. Give s(26).
47
Let d(k) = 9*k - 9. Determine d(-1).
-18
Let z(o) = 35*o - 4. Determine z(-1).
-39
Let f(a) = -a**2 - 4*a + 73. Determine f(7).
-4
Let d(q) = 2*q**2 - 16*q + 5. Determine d(4).
-27
Let h(f) = f**3 - 12*f**2 + 30*f + 9. Determine h(7).
-26
Let a(n) = -n**3 - 7*n**2 + 17*n + 17. Calculate a(-8).
-55
Let c(g) = 2*g**2 + 90*g + 5. What is c(-45)?
5
Let i(h) = h**3 - 5*h**2 + 5*h + 2. What is i(3)?
-1
Let f(p) = -7*p**2 - p + 2. What is f(-2)?
-24
Let r(j) = j**2 - 13*j + 9. Determine r(8).
-31
Let x(t) = -15*t - 74. Give x(-5).
1
Let m(w) = -5*w - 75. Determine m(-12).
-15
Let o(g) = g**3 - 5*g**2 - 8*g - 50. Give o(7).
-8
Let d(f) = -4*f + 45. Determine d(10).
5
Let n(h) = -2*h - 8. Determine n(-7).
6
Let r(j) = j - 18. Calculate r(4).
-14
Let s(j) = -j**3 - 26*j**2 - 2. Determine s(-26).
-2
Let m(b) = -11*b - 64. What is m(-5)?
-9
Let y(t) = -7*t - 30. Give y(-4).
-2
Let o(b) = b**2 - 16*b + 35. Determine o(14).
7
Let l(n) = n**3 + 5*n**2 - 3*n + 3. What is l(4)?
135
Let w(m) = m**2 - 29*m - 140. Calculate w(33).
-8
Let m(f) = 23*f - 328. What is m(14)?
-6
Let q(u) = 6*u + 26. What is q(-7)?
-16
Let w(z) = -z - 3. Calculate w(-3).
0
Let y(p) = -2*p**2 + 11*p - 14. What is y(6)?
-20
Let l(v) = v**3 + 5*v**2 - 8*v - 7. What is l(-6)?
5
Let f(g) = g**2 - 12*g - 5. What is f(6)?
-41
Let w(q) = q**2 - 10*q - 1. Give w(9).
-10
Let a(p) = -p**2 + 7*p + 17. Calculate a(7).
17
Let y(f) = -6*f. Calculate y(-6).
36
Let b(r) = -43*r - 220. Determine b(-5).
-5
Let s(m) = m**3 - 8*m**2 + 3*m - 13. What is s(7)?
-41
Let v(j) = j**3 + 2*j**2 - 4*j + 16. Calculate v(-4).
0
Let t(k) = -4*k**3 + 22*k**2 + 12*k - 9. Calculate t(6).
-9
Let g(n) = n**2 - 17*n + 36. Calculate g(3).
-6
Let z(h) = -h**3 - 5*h**2 - 14*h - 26. What is z(-3)?
-2
Let l(i) = -i**3 + 2*i**2 + 23*i + 6. Calculate l(6).
0
Let j(y) = y**2 - 3*y + 7. What is j(6)?
25
Let x(b) = 2*b**2 - 8*b + 15. Calculate x(2).
7
Let t(f) = -8*f + 111. Give t(14).
-1
Let b(q) = -q**3 + 6*q**2 - q + 3. Determine b(6).
-3
Let l(x) = x**3 + 2*x**2 - 2*x + 1. Calculate l(-2).
5
Let l(c) = c**2 - 11*c + 20. Give l(6).
-10
Let h(s) = -s**3 + 2*s**2 + 2*s - 4. Give h(2).
0
Let m(n) = -n**2 + 20*n - 68. Give m(4).
-4
Let q(x) = -x**2 + x - 9. Determine q(5).
-29
Let p(x) = -x**3 - 5*x**2 + 5*x. What is p(-5)?
-25
Let u(p) = -p**2 - 12*p - 15. Give u(-11).
-4
Let b(d) = -d - 2. What is b(1)?
-3
Let b(z) = -z**3 - 18*z**2 - 69*z + 38. What is b(-12)?
2
Let k(p) = p**2 + 14*p - 154. Give k(7).
-7
Let z(t) = -t**3 + 2*t + 6. Calculate z(0).
6
Let i(b) = -b**2 - 8*b + 12. Give i(-9).
3
Let m(y) = y**3 + 5*y**2 + 6*y + 12. Calculate m(-4).
4
Let o(q) = 5*q**3 - q. Determine o(-1).
-4
Let i(m) = -6*m**2 + 5*m - 1. What is i(2)?
-15
Let c(l) = 2*l**2 - 16*l + 21. Calculate c(5).
-9
Let o(q) = -2*q**2 + 10*q - 3. Calculate o(7).
-31
Let h(a) = a**3 + 2*a**2 - 8*a + 7. Calculate h(-4).
7
Let u(f) = 2*f**3 + f**2. Give u(-1).
-1
Let v(f) = -f**3 - 2*f**2 - 6*f - 22. Calculate v(-3).
5
Let d(p) = p**3 - 14*p**2 - p + 46. Determine d(14).
32
Let m(r) = r**2 + r + 47. Give m(0).
47
Let t(s) = -s**3 + 4*s**2 + 20*s - 1. What is t(7)?
-8
Let w(a) = 33*a - 208. What is w(6)?
-10
Let c(t) = -t**2 - 11*t + 32. Calculate c(-13).
6
Let t(o) = -o**3 - 7*o**2 - 3*o - 16. Calculate t(-7).
5
Let t(r) = 9*r + 111. What is t(-16)?
-33
Let b(k) = k**3 - 9*k**2 + k - 1. What is b(9)?
8
Let u(b) = -b**2 + 22*b + 242. Give u(-8).
2
Let s(f) = -f**3 + 42*f**2 + 88*f + 8. Calculate s(44).
8
Let a(r) = r**3 + 8*r**2 - 4*r - 9. Determine a(-8).
23
Let t(z) = -2*z - 15. What is t(0)?
-15
Let n(v) = v**2 - 2*v - 1. What is n(7)?
34
Let l(o) = 6*o**2 + o - 2. Give l(3).
55
Let x(a) = a**2 + 13*a + 30. Give x(-13).
30
Let j(h) = -2*h**2 + 9*h + 5. Give j(5).
0
Let b(q) = 29*q - 4. What is b(1)?
25
Let w(i) = -i - 5. Give w(-6).
1
Let z(r) = -r - 15. What is z(3)?
-18
Let d(l) = l**2 + 7*l + 134. Give d(0).
134
Let v(g) = -g - 9. Give v(-4).
-5
Let b(d) = -d**3 - 10*d**2 + 12*d + 16. Give b(-11).
5
Let l(i) = -48*i**3 + i + 1. Give l(-1).
48
Let u(j) = 41*j - 332. What is u(8)?
-4
Let u(h) = -h**2 + 11*h - 9. Determine u(7).
19
Let l(t) = -7*t - 16. What is l(-5)?
19
Let m(j) = -2*j**2 - 22*j - 7. Calculate m(-10).
13
Let r(g) = g**2 - 7*g - 12. Calculate r(11).
32
Let g(a) = -a - 12. Calculate g(-19).
7
Let c(k) = 2*k**2 + 1. Determine c(-3).
19
Let b(k) = 5*k**2 - 28*k. What is b(5)?
-